{"id":212,"date":"2026-02-10T19:16:56","date_gmt":"2026-02-10T18:16:56","guid":{"rendered":"http:\/\/hrp.net.pl\/?page_id=212"},"modified":"2026-04-19T17:34:54","modified_gmt":"2026-04-19T15:34:54","slug":"prad","status":"publish","type":"page","link":"https:\/\/hrp.net.pl\/?page_id=212","title":{"rendered":"Pr\u0105d"},"content":{"rendered":"<p>[et_pb_section fb_built=&#8221;1&#8243; _builder_version=&#8221;4.27.5&#8243; _module_preset=&#8221;default&#8221; background_color=&#8221;#000000&#8243; custom_padding=&#8221;||0px|||&#8221; global_colors_info=&#8221;{}&#8221;][et_pb_row _builder_version=&#8221;4.27.5&#8243; _module_preset=&#8221;default&#8221; global_colors_info=&#8221;{}&#8221;][et_pb_column type=&#8221;4_4&#8243; _builder_version=&#8221;4.27.5&#8243; _module_preset=&#8221;default&#8221; global_colors_info=&#8221;{}&#8221;][dipl_text_animator animated_text=&#8221;PR\u0104D DLA FIRM.&#8221; animation_layout=&#8221;typing&#8221; animate_only_once=&#8221;on&#8221; _builder_version=&#8221;4.27.5&#8243; _module_preset=&#8221;default&#8221; global_text_settings_text_align=&#8221;center&#8221; global_colors_info=&#8221;{}&#8221;][\/dipl_text_animator][dipl_text_animator animated_text=&#8221;Szukasz stabilnych i przewidywalnych koszt\u00f3w energii dla swojej firmy?&#8221; animate_only_once=&#8221;on&#8221; _builder_version=&#8221;4.27.5&#8243; _module_preset=&#8221;default&#8221; global_text_settings_text_align=&#8221;center&#8221; global_colors_info=&#8221;{}&#8221;][\/dipl_text_animator][dipl_text_animator animated_text=&#8221;Poznaj ofert\u0119 HRP GROUP!&#8221; animate_only_once=&#8221;on&#8221; _builder_version=&#8221;4.27.5&#8243; _module_preset=&#8221;default&#8221; global_text_settings_text_align=&#8221;center&#8221; global_colors_info=&#8221;{}&#8221;][\/dipl_text_animator][\/et_pb_column][\/et_pb_row][\/et_pb_section][et_pb_section fb_built=&#8221;1&#8243; _builder_version=&#8221;4.27.5&#8243; _module_preset=&#8221;default&#8221; background_image=&#8221;http:\/\/hrp.net.pl\/wp-content\/uploads\/2026\/03\/electrical-energy.jpg&#8221; parallax=&#8221;on&#8221; parallax_method=&#8221;off&#8221; custom_padding=&#8221;||37px|||&#8221; global_colors_info=&#8221;{}&#8221;][et_pb_row _builder_version=&#8221;4.27.5&#8243; _module_preset=&#8221;default&#8221; global_colors_info=&#8221;{}&#8221;][et_pb_column type=&#8221;4_4&#8243; _builder_version=&#8221;4.27.5&#8243; _module_preset=&#8221;default&#8221; global_colors_info=&#8221;{}&#8221;][et_pb_divider show_divider=&#8221;off&#8221; _builder_version=&#8221;4.27.5&#8243; _module_preset=&#8221;default&#8221; min_height=&#8221;219.8px&#8221; custom_margin=&#8221;||-3px|||&#8221; custom_padding=&#8221;||0px|||&#8221; global_colors_info=&#8221;{}&#8221;][\/et_pb_divider][\/et_pb_column][\/et_pb_row][\/et_pb_section][et_pb_section fb_built=&#8221;1&#8243; _builder_version=&#8221;4.27.5&#8243; _module_preset=&#8221;default&#8221; background_color=&#8221;#000000&#8243; global_colors_info=&#8221;{}&#8221;][et_pb_row column_structure=&#8221;1_4,1_4,1_4,1_4&#8243; _builder_version=&#8221;4.27.5&#8243; _module_preset=&#8221;default&#8221; global_colors_info=&#8221;{}&#8221;][et_pb_column type=&#8221;1_4&#8243; _builder_version=&#8221;4.27.5&#8243; _module_preset=&#8221;default&#8221; global_colors_info=&#8221;{}&#8221;][et_pb_icon font_icon=&#8221;&#xf0eb;||fa||900&#8243; icon_color=&#8221;#FFFFFF&#8221; _builder_version=&#8221;4.27.5&#8243; _module_preset=&#8221;default&#8221; animation_style=&#8221;fade&#8221; animation_delay=&#8221;120ms&#8221; global_colors_info=&#8221;{}&#8221;][\/et_pb_icon][dipl_text_animator animated_text=&#8221;Indywidualnie dopasowane taryfy \u2013 p\u0142acisz za to, czego faktycznie potrzebuje Twoja firma.&#8221; animation_hold=&#8221;100ms&#8221; animate_only_once=&#8221;on&#8221; _builder_version=&#8221;4.27.5&#8243; _module_preset=&#8221;default&#8221; custom_padding=&#8221;|20px||||&#8221; global_colors_info=&#8221;{}&#8221;][\/dipl_text_animator][\/et_pb_column][et_pb_column type=&#8221;1_4&#8243; _builder_version=&#8221;4.27.5&#8243; _module_preset=&#8221;default&#8221; global_colors_info=&#8221;{}&#8221;][et_pb_icon font_icon=&#8221;&#xf51e;||fa||900&#8243; icon_color=&#8221;#FFFFFF&#8221; _builder_version=&#8221;4.27.5&#8243; _module_preset=&#8221;default&#8221; animation_style=&#8221;fade&#8221; animation_delay=&#8221;165ms&#8221; global_colors_info=&#8221;{}&#8221;][\/et_pb_icon][dipl_text_animator animated_text=&#8221;Sta\u0142e, przejrzyste ceny energii \u2013 bez ukrytych koszt\u00f3w.&#8221; animation_hold=&#8221;130ms&#8221; animate_only_once=&#8221;on&#8221; _builder_version=&#8221;4.27.5&#8243; _module_preset=&#8221;default&#8221; global_colors_info=&#8221;{}&#8221;][\/dipl_text_animator][\/et_pb_column][et_pb_column type=&#8221;1_4&#8243; _builder_version=&#8221;4.27.5&#8243; _module_preset=&#8221;default&#8221; global_colors_info=&#8221;{}&#8221;][et_pb_icon font_icon=&#8221;&#xf201;||fa||900&#8243; icon_color=&#8221;#FFFFFF&#8221; _builder_version=&#8221;4.27.5&#8243; _module_preset=&#8221;default&#8221; animation_style=&#8221;fade&#8221; animation_delay=&#8221;200ms&#8221; global_colors_info=&#8221;{}&#8221;][\/et_pb_icon][dipl_text_animator animated_text=&#8221;Pe\u0142ne doradztwo energetyczne \u2013 analizujemy Twoje zu\u017cycie i proponujemy najlepsz\u0105 ofert\u0119.&#8221; animation_hold=&#8221;200ms&#8221; animate_only_once=&#8221;on&#8221; _builder_version=&#8221;4.27.5&#8243; _module_preset=&#8221;default&#8221; global_colors_info=&#8221;{}&#8221;][\/dipl_text_animator][\/et_pb_column][et_pb_column type=&#8221;1_4&#8243; _builder_version=&#8221;4.27.5&#8243; _module_preset=&#8221;default&#8221; global_colors_info=&#8221;{}&#8221;][et_pb_icon font_icon=&#8221;&#xf2b5;||fa||900&#8243; icon_color=&#8221;#FFFFFF&#8221; _builder_version=&#8221;4.27.5&#8243; _module_preset=&#8221;default&#8221; animation_style=&#8221;fade&#8221; animation_delay=&#8221;200ms&#8221; global_colors_info=&#8221;{}&#8221;][\/et_pb_icon][dipl_text_animator animated_text=&#8221;Wsparcie na ka\u017cdym etapie wsp\u00f3\u0142pracy \u2013 od audytu, przez podpisanie umowy, po sta\u0142\u0105 obs\u0142ug\u0119.&#8221; animation_hold=&#8221;200ms&#8221; animate_only_once=&#8221;on&#8221; _builder_version=&#8221;4.27.5&#8243; _module_preset=&#8221;default&#8221; global_colors_info=&#8221;{}&#8221;][\/dipl_text_animator][\/et_pb_column][\/et_pb_row][et_pb_row _builder_version=&#8221;4.27.5&#8243; _module_preset=&#8221;default&#8221; locked=&#8221;off&#8221; global_colors_info=&#8221;{}&#8221;][et_pb_column type=&#8221;4_4&#8243; _builder_version=&#8221;4.27.5&#8243; _module_preset=&#8221;default&#8221; global_colors_info=&#8221;{}&#8221;][et_pb_cta title=&#8221;W HRP GROUP&#8221; button_url=&#8221;#kontakt&#8221; button_text=&#8221;Skontaktuj si\u0119 z nami.&#8221; _builder_version=&#8221;4.27.5&#8243; _module_preset=&#8221;default&#8221; body_text_color=&#8221;#FFFFFF&#8221; background_color=&#8221;#000000&#8243; custom_button=&#8221;on&#8221; button_text_color=&#8221;#FFFFFF&#8221; global_colors_info=&#8221;{}&#8221;]<\/p>\n<h3 style=\"text-align: center;\">Pomagamy firmom obni\u017cy\u0107 rachunki za pr\u0105d i gaz,<br \/>zadba\u0107 o bezpiecze\u0144stwo energetyczne i wybra\u0107 najkorzystniejsze rozwi\u0105zania na rynku.<\/h3>\n<h3 style=\"text-align: center;\"><\/h3>\n<h3 style=\"text-align: center;\">Wybieraj\u0105c HRP GROUP, zyskujesz partnera, kt\u00f3ry dba o Tw\u00f3j biznes, a nie tylko<br \/>sprzedaje pr\u0105d.<br \/>Je\u015bli chcesz mie\u0107 ni\u017csze rachunki i spok\u00f3j na d\u0142ugie lata, napisz do nas<\/h3>\n<h3 style=\"text-align: center;\">Ch\u0119tnie przygotujemy bezp\u0142atn\u0105 analiz\u0119 zu\u017cycia energii dla Twojej firmy<\/h3>\n<p>[\/et_pb_cta][\/et_pb_column][\/et_pb_row][\/et_pb_section][et_pb_section fb_built=&#8221;1&#8243; _builder_version=&#8221;4.27.5&#8243; _module_preset=&#8221;default&#8221; background_color=&#8221;#000000&#8243; custom_padding=&#8221;0px||0px|||&#8221; top_divider_color=&#8221;#000000&#8243; global_module=&#8221;262&#8243; saved_tabs=&#8221;all&#8221; locked=&#8221;off&#8221; global_colors_info=&#8221;{}&#8221;][et_pb_row column_structure=&#8221;1_3,1_3,1_3&#8243; _builder_version=&#8221;4.27.5&#8243; _module_preset=&#8221;default&#8221; global_colors_info=&#8221;{}&#8221;][et_pb_column type=&#8221;1_3&#8243; _builder_version=&#8221;4.27.5&#8243; _module_preset=&#8221;default&#8221; global_colors_info=&#8221;{}&#8221;][dipl_text_with_media module_align=&#8221;left&#8221; _builder_version=&#8221;4.27.5&#8243; _module_preset=&#8221;default&#8221; content_text_text_color=&#8221;#FFFFFF&#8221; animation_style=&#8221;fade&#8221; animation_delay=&#8221;150ms&#8221; scroll_vertical_motion_enable=&#8221;on&#8221; scroll_vertical_motion=&#8221;0|50|50|100|1|0|0&#8243; global_colors_info=&#8221;{}&#8221;][dipl_text_with_media_item content_type=&#8221;icon&#8221; icon=&#8221;&#xf879;||fa||900&#8243; icon_fontsize=&#8221;20px&#8221; icon_color=&#8221;#FFFFFF&#8221; _builder_version=&#8221;4.27.5&#8243; _module_preset=&#8221;default&#8221; custom_margin=&#8221;|20px|0px||false|false&#8221; link_option_url=&#8221;tel:519420315&#8243; global_colors_info=&#8221;{}&#8221;][\/dipl_text_with_media_item][dipl_text_with_media_item _builder_version=&#8221;4.27.5&#8243; _module_preset=&#8221;default&#8221; content_text_line_height=&#8221;1.2em&#8221; link_option_url=&#8221;tel:519420315&#8243; global_colors_info=&#8221;{}&#8221;]519420315[\/dipl_text_with_media_item][\/dipl_text_with_media][\/et_pb_column][et_pb_column type=&#8221;1_3&#8243; _builder_version=&#8221;4.27.5&#8243; _module_preset=&#8221;default&#8221; global_colors_info=&#8221;{}&#8221;][dipl_text_with_media module_align=&#8221;left&#8221; icon_color=&#8221;#FFFFFF&#8221; _builder_version=&#8221;4.27.5&#8243; _module_preset=&#8221;default&#8221; content_text_text_color=&#8221;#FFFFFF&#8221; custom_margin=&#8221;||-2px|||&#8221; animation_style=&#8221;fade&#8221; animation_delay=&#8221;200ms&#8221; scroll_horizontal_motion_enable=&#8221;on&#8221; scroll_horizontal_motion=&#8221;0|50|50|100|-4|0|0&#8243; global_colors_info=&#8221;{}&#8221;][dipl_text_with_media_item content_type=&#8221;icon&#8221; icon=&#8221;&#xe010;||divi||400&#8243; icon_fontsize=&#8221;20px&#8221; _builder_version=&#8221;4.27.5&#8243; _module_preset=&#8221;default&#8221; custom_margin=&#8221;|20px|0px||false|false&#8221; link_option_url=&#8221;mailto:biuro@hrp.net.pl&#8221; global_colors_info=&#8221;{}&#8221;][\/dipl_text_with_media_item][dipl_text_with_media_item _builder_version=&#8221;4.27.5&#8243; _module_preset=&#8221;default&#8221; content_text_line_height=&#8221;1.2em&#8221; link_option_url=&#8221;mailto:biuro@hrp.net.pl&#8221; global_colors_info=&#8221;{}&#8221;]biuro@hrp.net.pl[\/dipl_text_with_media_item][\/dipl_text_with_media][\/et_pb_column][et_pb_column type=&#8221;1_3&#8243; _builder_version=&#8221;4.27.5&#8243; _module_preset=&#8221;default&#8221; global_colors_info=&#8221;{}&#8221;][dipl_text_with_media module_align=&#8221;left&#8221; icon_color=&#8221;#FFFFFF&#8221; _builder_version=&#8221;4.27.5&#8243; _module_preset=&#8221;default&#8221; content_text_text_color=&#8221;#FFFFFF&#8221; width=&#8221;99.4%&#8221; custom_margin=&#8221;-17px|||||&#8221; custom_padding=&#8221;0px|0px||0px||&#8221; animation_style=&#8221;fade&#8221; animation_delay=&#8221;225ms&#8221; scroll_fade_enable=&#8221;on&#8221; global_colors_info=&#8221;{}&#8221;][dipl_text_with_media_item content_type=&#8221;icon&#8221; icon=&#8221;&#xe01d;||divi||400&#8243; icon_fontsize=&#8221;20px&#8221; icon_color=&#8221;#FFFFFF&#8221; _builder_version=&#8221;4.27.5&#8243; _module_preset=&#8221;default&#8221; custom_margin=&#8221;|20px|0px||false|false&#8221; link_option_url=&#8221;https:\/\/www.google.com\/maps\/place\/Wierzbi%C4%99cice+24a,+61-568+Pozna%C5%84\/@52.3968163,16.9193582,17z\/data=!3m1!4b1!4m6!3m5!1s0x47045b250499e7f3:0xfda260d179401dda!8m2!3d52.3968163!4d16.9219331!16s%2Fg%2F11h8n22xtx?entry=ttu&#038;g_ep=EgoyMDI2MDIyNS4wIKXMDSoASAFQAw%3D%3D&#8221; global_colors_info=&#8221;{}&#8221;][\/dipl_text_with_media_item][dipl_text_with_media_item _builder_version=&#8221;4.27.5&#8243; _module_preset=&#8221;default&#8221; content_text_line_height=&#8221;1.2em&#8221; custom_margin=&#8221;|20px|0px||false|false&#8221; link_option_url=&#8221;https:\/\/www.google.com\/maps\/place\/Wierzbi%C4%99cice+24a,+61-568+Pozna%C5%84\/@52.3968163,16.9193582,17z\/data=!3m1!4b1!4m6!3m5!1s0x47045b250499e7f3:0xfda260d179401dda!8m2!3d52.3968163!4d16.9219331!16s%2Fg%2F11h8n22xtx?entry=ttu&#038;g_ep=EgoyMDI2MDIyNS4wIKXMDSoASAFQAw%3D%3D&#8221; global_colors_info=&#8221;{}&#8221;]<\/p>\n<p>ul. Wierzbi\u0119cice 24 A <br \/>61-568 Pozna\u0144<\/p>\n<p>[\/dipl_text_with_media_item][\/dipl_text_with_media][\/et_pb_column][\/et_pb_row][\/et_pb_section][et_pb_section fb_built=&#8221;1&#8243; prev_background_color=&#8221;#000000&#8243; _builder_version=&#8221;4.27.5&#8243; _module_preset=&#8221;default&#8221; custom_padding=&#8221;0px||0px|||&#8221; top_divider_style=&#8221;asymmetric4&#8243; top_divider_height=&#8221;27px&#8221; global_module=&#8221;395&#8243; saved_tabs=&#8221;all&#8221; locked=&#8221;off&#8221; global_colors_info=&#8221;{}&#8221;][et_pb_row _builder_version=&#8221;4.27.5&#8243; _module_preset=&#8221;default&#8221; custom_padding=&#8221;27px|||||&#8221; global_colors_info=&#8221;{}&#8221;][et_pb_column type=&#8221;4_4&#8243; _builder_version=&#8221;4.27.5&#8243; _module_preset=&#8221;default&#8221; global_colors_info=&#8221;{}&#8221;][et_pb_text _builder_version=&#8221;4.27.5&#8243; _module_preset=&#8221;default&#8221; global_colors_info=&#8221;{}&#8221;]<\/p>\n<h1 style=\"text-align: center;\"><span style=\"color: #000000;\">Nasi Partnerzy<\/span><\/h1>\n<p>[\/et_pb_text][\/et_pb_column][\/et_pb_row][et_pb_row column_structure=&#8221;1_3,1_3,1_3&#8243; _builder_version=&#8221;4.27.5&#8243; _module_preset=&#8221;default&#8221; global_colors_info=&#8221;{}&#8221;][et_pb_column type=&#8221;1_3&#8243; _builder_version=&#8221;4.27.5&#8243; _module_preset=&#8221;default&#8221; global_colors_info=&#8221;{}&#8221;][et_pb_image src=&#8221;http:\/\/hrp.net.pl\/wp-content\/uploads\/2026\/03\/LOGO-EKOVOLTIS-01-1-scaled.png&#8221; title_text=&#8221;LOGO EKOVOLTIS-01&#8243; url=&#8221;https:\/\/ekovoltis.pl\/&#8221; _builder_version=&#8221;4.27.5&#8243; _module_preset=&#8221;default&#8221; custom_margin=&#8221;9px|||||&#8221; custom_padding=&#8221;11px|||||&#8221; animation_style=&#8221;fade&#8221; global_colors_info=&#8221;{}&#8221;][\/et_pb_image][\/et_pb_column][et_pb_column type=&#8221;1_3&#8243; _builder_version=&#8221;4.27.5&#8243; _module_preset=&#8221;default&#8221; global_colors_info=&#8221;{}&#8221;][et_pb_image src=&#8221;http:\/\/hrp.net.pl\/wp-content\/uploads\/2026\/02\/468544545_433583713147742_3436965698061613462_n.jpg&#8221; title_text=&#8221;Van Chris_logo&#8221; url=&#8221;https:\/\/van-chris.pl\/&#8221; _builder_version=&#8221;4.27.5&#8243; _module_preset=&#8221;default&#8221; animation_style=&#8221;fade&#8221; animation_delay=&#8221;250ms&#8221; global_colors_info=&#8221;{}&#8221;][\/et_pb_image][\/et_pb_column][et_pb_column type=&#8221;1_3&#8243; _builder_version=&#8221;4.27.5&#8243; _module_preset=&#8221;default&#8221; global_colors_info=&#8221;{}&#8221;][et_pb_image src=&#8221;http:\/\/hrp.net.pl\/wp-content\/uploads\/2026\/02\/logo_ecoenergy_large_transparent-300&#215;169.png&#8221; title_text=&#8221;logo_ecoenergy_large_transparent&#8221; url=&#8221;https:\/\/ecoenergy24.pl\/&#8221; _builder_version=&#8221;4.27.5&#8243; _module_preset=&#8221;default&#8221; custom_margin=&#8221;-31px|||||&#8221; custom_padding=&#8221;5px|||||&#8221; animation_style=&#8221;fade&#8221; animation_delay=&#8221;450ms&#8221; global_colors_info=&#8221;{}&#8221;][\/et_pb_image][\/et_pb_column][\/et_pb_row][\/et_pb_section]<\/p>\n","protected":false},"excerpt":{"rendered":"<p>W HRP GROUP pomagamy firmom obni\u017cy\u0107 rachunki za pr\u0105d i gaz, zadba\u0107 o<br \/>\nbezpiecze\u0144stwo energetyczne i wybra\u0107 najkorzystniejsze rozwi\u0105zania na rynku.\u00a0<br \/>\nWybieraj\u0105c HRP GROUP, zyskujesz partnera, kt\u00f3ry dba o Tw\u00f3j biznes, a nie tylko<br \/>\nsprzedaje pr\u0105d.<\/p>\n","protected":false},"author":1,"featured_media":0,"parent":0,"menu_order":0,"comment_status":"closed","ping_status":"closed","template":"","meta":{"_et_pb_use_builder":"on","_et_pb_old_content":"","_et_gb_content_width":"","footnotes":""},"class_list":["post-212","page","type-page","status-publish","hentry"],"_links":{"self":[{"href":"https:\/\/hrp.net.pl\/index.php?rest_route=\/wp\/v2\/pages\/212","targetHints":{"allow":["GET"]}}],"collection":[{"href":"https:\/\/hrp.net.pl\/index.php?rest_route=\/wp\/v2\/pages"}],"about":[{"href":"https:\/\/hrp.net.pl\/index.php?rest_route=\/wp\/v2\/types\/page"}],"author":[{"embeddable":true,"href":"https:\/\/hrp.net.pl\/index.php?rest_route=\/wp\/v2\/users\/1"}],"replies":[{"embeddable":true,"href":"https:\/\/hrp.net.pl\/index.php?rest_route=%2Fwp%2Fv2%2Fcomments&post=212"}],"version-history":[{"count":13,"href":"https:\/\/hrp.net.pl\/index.php?rest_route=\/wp\/v2\/pages\/212\/revisions"}],"predecessor-version":[{"id":410,"href":"https:\/\/hrp.net.pl\/index.php?rest_route=\/wp\/v2\/pages\/212\/revisions\/410"}],"wp:attachment":[{"href":"https:\/\/hrp.net.pl\/index.php?rest_route=%2Fwp%2Fv2%2Fmedia&parent=212"}],"curies":[{"name":"wp","href":"https:\/\/api.w.org\/{rel}","templated":true}]}}