{"id":144,"date":"2026-02-06T23:47:54","date_gmt":"2026-02-06T22:47:54","guid":{"rendered":"https:\/\/hrp.net.pl\/?page_id=144"},"modified":"2026-04-19T17:25:16","modified_gmt":"2026-04-19T15:25:16","slug":"oze","status":"publish","type":"page","link":"https:\/\/hrp.net.pl\/?page_id=144","title":{"rendered":"Odnawialne \u0179r\u00f3d\u0142a Energii"},"content":{"rendered":"<p>[et_pb_section fb_built=&#8221;1&#8243; _builder_version=&#8221;4.27.5&#8243; _module_preset=&#8221;default&#8221; custom_padding=&#8221;36px||0px|||&#8221; global_colors_info=&#8221;{}&#8221;][et_pb_row _builder_version=&#8221;4.27.5&#8243; _module_preset=&#8221;default&#8221; custom_padding=&#8221;27px|||5px||&#8221; animation_style=&#8221;fade&#8221; animation_duration=&#8221;450ms&#8221; animation_delay=&#8221;100ms&#8221; global_colors_info=&#8221;{}&#8221;][et_pb_column type=&#8221;4_4&#8243; _builder_version=&#8221;4.27.5&#8243; _module_preset=&#8221;default&#8221; global_colors_info=&#8221;{}&#8221;][dipl_text_animator animated_text=&#8221;HRP GROUP&#8221; display_tag=&#8221;h1&#8243; animation_layout=&#8221;typing&#8221; typing_speed=&#8221;70ms&#8221; animate_only_once=&#8221;on&#8221; _builder_version=&#8221;4.27.5&#8243; _module_preset=&#8221;default&#8221; global_text_settings_text_align=&#8221;center&#8221; global_text_settings_text_color=&#8221;#000000&#8243; module_alignment=&#8221;center&#8221; custom_margin=&#8221;||1px|||&#8221; global_colors_info=&#8221;{}&#8221;][\/dipl_text_animator][dipl_text_animator animated_text=&#8221;Nowoczesna Energia dla Dom\u00f3w i Firm&#8221; animation_layout=&#8221;typing&#8221; typing_speed=&#8221;40ms&#8221; animation_hold=&#8221;2080ms&#8221; animate_only_once=&#8221;on&#8221; _builder_version=&#8221;4.27.5&#8243; _module_preset=&#8221;default&#8221; global_text_settings_text_align=&#8221;center&#8221; global_text_settings_text_color=&#8221;#000000&#8243; module_alignment=&#8221;center&#8221; custom_margin=&#8221;-23px|||||&#8221; global_colors_info=&#8221;{}&#8221;][\/dipl_text_animator][et_pb_text _builder_version=&#8221;4.27.5&#8243; _module_preset=&#8221;default&#8221; custom_margin=&#8221;|-3px||1px||&#8221; custom_padding=&#8221;|0px||||&#8221; animation_style=&#8221;fade&#8221; global_colors_info=&#8221;{}&#8221;]<\/p>\n<h1 style=\"text-align: center;\"><\/h1>\n<p style=\"text-align: center;\">HRP Group to firma specjalizuj\u0105ca si\u0119 w nowoczesnych rozwi\u0105zaniach z zakresu odnawialnych \u017ar\u00f3de\u0142 energii,<br \/>kt\u00f3re realnie obni\u017caj\u0105 koszty energii i zwi\u0119kszaj\u0105 niezale\u017cno\u015b\u0107 energetyczn\u0105 naszych klient\u00f3w.<br \/>\u0141\u0105czymy do\u015bwiadczenie, sprawdzone technologie i kompleksow\u0105 obs\u0142ug\u0119, oferuj\u0105c rozwi\u0105zania dopasowane do potrzeb dom\u00f3w, firm oraz gospodarstw rolnych.<\/p>\n<p>[\/et_pb_text][\/et_pb_column][\/et_pb_row][\/et_pb_section][et_pb_section fb_built=&#8221;1&#8243; _builder_version=&#8221;4.27.5&#8243; _module_preset=&#8221;default&#8221; background_image=&#8221;http:\/\/hrp.net.pl\/wp-content\/uploads\/2026\/02\/panele-fotowoltaiczne-1200&#215;628-1.jpeg&#8221; parallax=&#8221;on&#8221; custom_margin=&#8221;||-4px|||&#8221; custom_padding=&#8221;5px||4px|||&#8221; animation_style=&#8221;fade&#8221; animation_duration=&#8221;1100ms&#8221; animation_delay=&#8221;100ms&#8221; animation_speed_curve=&#8221;ease-out&#8221; global_colors_info=&#8221;{}&#8221;][et_pb_row _builder_version=&#8221;4.27.5&#8243; _module_preset=&#8221;default&#8221; min_height=&#8221;82.8px&#8221; custom_margin=&#8221;|auto|210px|auto||&#8221; global_colors_info=&#8221;{}&#8221;][et_pb_column type=&#8221;4_4&#8243; _builder_version=&#8221;4.27.5&#8243; _module_preset=&#8221;default&#8221; global_colors_info=&#8221;{}&#8221;][et_pb_divider show_divider=&#8221;off&#8221; _builder_version=&#8221;4.27.5&#8243; _module_preset=&#8221;default&#8221; global_colors_info=&#8221;{}&#8221;][\/et_pb_divider][\/et_pb_column][\/et_pb_row][\/et_pb_section][et_pb_section fb_built=&#8221;1&#8243; _builder_version=&#8221;4.27.5&#8243; _module_preset=&#8221;default&#8221; global_colors_info=&#8221;{}&#8221;][et_pb_row _builder_version=&#8221;4.27.5&#8243; _module_preset=&#8221;default&#8221; global_colors_info=&#8221;{}&#8221;][et_pb_column type=&#8221;4_4&#8243; _builder_version=&#8221;4.27.5&#8243; _module_preset=&#8221;default&#8221; global_colors_info=&#8221;{}&#8221;][et_pb_text _builder_version=&#8221;4.27.5&#8243; _module_preset=&#8221;default&#8221; animation_style=&#8221;fade&#8221; global_colors_info=&#8221;{}&#8221;]<\/p>\n<p style=\"text-align: center;\">Projektujemy i montujemy instalacje fotowoltaiczne o wysokiej wydajno\u015bci, wykorzystuj\u0105c<br \/>komponenty renomowanych producent\u00f3w. Ka\u017cda instalacja jest indywidualnie dopasowana,<br \/>aby zapewni\u0107 maksymalne oszcz\u0119dno\u015bci i bezpiecze\u0144stwo u\u017cytkowania przez d\u0142ugie lata.<\/p>\n<p>[\/et_pb_text][\/et_pb_column][\/et_pb_row][\/et_pb_section][et_pb_section fb_built=&#8221;1&#8243; _builder_version=&#8221;4.27.5&#8243; _module_preset=&#8221;default&#8221; background_image=&#8221;http:\/\/hrp.net.pl\/wp-content\/uploads\/2026\/02\/pompy-ciepla.jpg&#8221; parallax=&#8221;on&#8221; background_blend=&#8221;hue&#8221; custom_margin=&#8221;||-3px|||&#8221; custom_padding=&#8221;|9px||||&#8221; animation_style=&#8221;fade&#8221; animation_delay=&#8221;50ms&#8221; animation_speed_curve=&#8221;ease-out&#8221; global_colors_info=&#8221;{}&#8221;][et_pb_row _builder_version=&#8221;4.27.5&#8243; _module_preset=&#8221;default&#8221; min_height=&#8221;222px&#8221; global_colors_info=&#8221;{}&#8221;][et_pb_column type=&#8221;4_4&#8243; _builder_version=&#8221;4.27.5&#8243; _module_preset=&#8221;default&#8221; global_colors_info=&#8221;{}&#8221;][\/et_pb_column][\/et_pb_row][\/et_pb_section][et_pb_section fb_built=&#8221;1&#8243; _builder_version=&#8221;4.27.5&#8243; _module_preset=&#8221;default&#8221; global_colors_info=&#8221;{}&#8221;][et_pb_row _builder_version=&#8221;4.27.5&#8243; _module_preset=&#8221;default&#8221; global_colors_info=&#8221;{}&#8221;][et_pb_column type=&#8221;4_4&#8243; _builder_version=&#8221;4.27.5&#8243; _module_preset=&#8221;default&#8221; global_colors_info=&#8221;{}&#8221;][et_pb_text _builder_version=&#8221;4.27.5&#8243; _module_preset=&#8221;default&#8221; global_colors_info=&#8221;{}&#8221;]<\/p>\n<p style=\"text-align: center;\">Oferujemy nowoczesne pompy ciep\u0142a, kt\u00f3re gwarantuj\u0105 ekologiczne, energooszcz\u0119dne i<br \/>bezobs\u0142ugowe ogrzewanie budynk\u00f3w oraz przygotowanie ciep\u0142ej wody u\u017cytkowej. To<br \/>idealne rozwi\u0105zanie zar\u00f3wno dla nowych inwestycji, jak i modernizacji istniej\u0105cych obiekt\u00f3w.<\/p>\n<p>[\/et_pb_text][\/et_pb_column][\/et_pb_row][\/et_pb_section][et_pb_section fb_built=&#8221;1&#8243; _builder_version=&#8221;4.27.5&#8243; _module_preset=&#8221;default&#8221; background_image=&#8221;http:\/\/hrp.net.pl\/wp-content\/uploads\/2026\/02\/magazyny_energii-1.jpg&#8221; parallax=&#8221;on&#8221; custom_padding=&#8221;||10px|||&#8221; animation_style=&#8221;fade&#8221; animation_delay=&#8221;100ms&#8221; animation_speed_curve=&#8221;ease-out&#8221; global_colors_info=&#8221;{}&#8221;][et_pb_row _builder_version=&#8221;4.27.5&#8243; _module_preset=&#8221;default&#8221; custom_padding=&#8221;||180px|||&#8221; global_colors_info=&#8221;{}&#8221;][et_pb_column type=&#8221;4_4&#8243; _builder_version=&#8221;4.27.5&#8243; _module_preset=&#8221;default&#8221; global_colors_info=&#8221;{}&#8221;][et_pb_divider show_divider=&#8221;off&#8221; _builder_version=&#8221;4.27.5&#8243; _module_preset=&#8221;default&#8221; global_colors_info=&#8221;{}&#8221;][\/et_pb_divider][\/et_pb_column][\/et_pb_row][\/et_pb_section][et_pb_section fb_built=&#8221;1&#8243; _builder_version=&#8221;4.27.5&#8243; _module_preset=&#8221;default&#8221; custom_padding=&#8221;1px||2px|||&#8221; global_colors_info=&#8221;{}&#8221;][et_pb_row _builder_version=&#8221;4.27.5&#8243; _module_preset=&#8221;default&#8221; global_colors_info=&#8221;{}&#8221;][et_pb_column type=&#8221;4_4&#8243; _builder_version=&#8221;4.27.5&#8243; _module_preset=&#8221;default&#8221; global_colors_info=&#8221;{}&#8221;][et_pb_text _builder_version=&#8221;4.27.5&#8243; _module_preset=&#8221;default&#8221; custom_margin=&#8221;||1px|||&#8221; global_colors_info=&#8221;{}&#8221;]<\/p>\n<p style=\"text-align: center;\">Uzupe\u0142nieniem naszej oferty s\u0105 magazyny energii, kt\u00f3re pozwalaj\u0105 przechowywa\u0107 nadwy\u017cki<br \/>wyprodukowanej energii elektrycznej i wykorzystywa\u0107 je wtedy, gdy s\u0105 najbardziej<br \/>potrzebne. Dzi\u0119ki magazynom energii nasi klienci zyskuj\u0105:<br \/>\u2022 wi\u0119ksz\u0105 niezale\u017cno\u015b\u0107 od sieci energetycznej<br \/>\u2022 ochron\u0119 przed wzrostem cen pr\u0105du<br \/>\u2022 stabilno\u015b\u0107 zasilania i wy\u017csze autokonsumpcj\u0119 energii<\/p>\n<p>[\/et_pb_text][\/et_pb_column][\/et_pb_row][\/et_pb_section][et_pb_section fb_built=&#8221;1&#8243; _builder_version=&#8221;4.27.5&#8243; _module_preset=&#8221;default&#8221; background_image=&#8221;http:\/\/hrp.net.pl\/wp-content\/uploads\/2026\/03\/closeup-two-business-men-shaking-hands-scaled.jpg&#8221; parallax=&#8221;on&#8221; parallax_method=&#8221;off&#8221; custom_margin=&#8221;||-1px|||&#8221; custom_padding=&#8221;1px||359px|||&#8221; global_colors_info=&#8221;{}&#8221;][\/et_pb_section][et_pb_section fb_built=&#8221;1&#8243; _builder_version=&#8221;4.27.5&#8243; _module_preset=&#8221;default&#8221; custom_padding=&#8221;1px||2px|||&#8221; hover_enabled=&#8221;0&#8243; global_colors_info=&#8221;{}&#8221; bottom_divider_style=&#8221;ramp2&#8243; sticky_enabled=&#8221;0&#8243; next_background_color=&#8221;#000000&#8243;][et_pb_row _builder_version=&#8221;4.27.5&#8243; _module_preset=&#8221;default&#8221; global_colors_info=&#8221;{}&#8221;][et_pb_column type=&#8221;4_4&#8243; _builder_version=&#8221;4.27.5&#8243; _module_preset=&#8221;default&#8221; global_colors_info=&#8221;{}&#8221;][et_pb_text _builder_version=&#8221;4.27.5&#8243; _module_preset=&#8221;default&#8221; custom_padding=&#8221;0px|||||&#8221; global_colors_info=&#8221;{}&#8221;]<\/p>\n<p style=\"text-align: center;\">Zapewniamy pe\u0142ne wsparcie na ka\u017cdym etapie inwestycji:<br \/>\u2022 bezp\u0142atne doradztwo i analiz\u0119 op\u0142acalno\u015bci<br \/>\u2022 projekt dopasowany do potrzeb klienta<br \/>\u2022 pomoc w uzyskaniu dotacji i dofinansowa\u0144<br \/>\u2022 profesjonalny monta\u017c<br \/>\u2022 serwis i opiek\u0119 posprzeda\u017cow\u0105<\/p>\n<p style=\"text-align: center;\">W HRP Group stawiamy na jako\u015b\u0107, nowoczesne technologie i realne korzy\u015bci finansowe dla<br \/>klient\u00f3w. Inwestuj\u0105c w odnawialne \u017ar\u00f3d\u0142a energii z nami, wybierasz bezpiecze\u0144stwo,<br \/>oszcz\u0119dno\u015b\u0107 i przysz\u0142o\u015b\u0107 opart\u0105 na ekologii.<\/p>\n<p>[\/et_pb_text][\/et_pb_column][\/et_pb_row][\/et_pb_section][et_pb_section fb_built=&#8221;1&#8243; _builder_version=&#8221;4.27.5&#8243; _module_preset=&#8221;default&#8221; background_color=&#8221;#000000&#8243; custom_margin=&#8221;||-4px|||&#8221; custom_padding=&#8221;0px||10px|||&#8221; hover_enabled=&#8221;0&#8243; global_colors_info=&#8221;{}&#8221; locked=&#8221;off&#8221; sticky_enabled=&#8221;0&#8243;][et_pb_row custom_padding_last_edited=&#8221;off|desktop&#8221; _builder_version=&#8221;4.27.5&#8243; _module_preset=&#8221;default&#8221; global_colors_info=&#8221;{}&#8221; custom_padding__hover_enabled=&#8221;off|desktop&#8221;][et_pb_column type=&#8221;4_4&#8243; _builder_version=&#8221;4.27.5&#8243; _module_preset=&#8221;default&#8221; global_colors_info=&#8221;{}&#8221;][et_pb_map address=&#8221;Wierzbi\u0119cice 24a, 61-568 Pozna\u0144, Polska&#8221; address_lat=&#8221;52.3968163&#8243; address_lng=&#8221;16.921933&#8243; _builder_version=&#8221;4.27.5&#8243; _module_preset=&#8221;default&#8221; hover_enabled=&#8221;0&#8243; global_colors_info=&#8221;{}&#8221; scroll_vertical_motion_enable=&#8221;on&#8221; scroll_vertical_motion=&#8221;0|50|50|100|4|0|0&#8243; sticky_enabled=&#8221;0&#8243;][et_pb_map_pin title=&#8221;HRP GROUP&#8221; pin_address=&#8221;Wierzbi\u0119cice 24 A, 61-568 Pozna\u0144, Polska&#8221; zoom_level=&#8221;19&#8243; pin_address_lat=&#8221;52.396703370665&#8243; pin_address_lng=&#8221;16.921557490738&#8243; _builder_version=&#8221;4.27.5&#8243; _module_preset=&#8221;default&#8221; global_colors_info=&#8221;{}&#8221;][\/et_pb_map_pin][\/et_pb_map][\/et_pb_column][\/et_pb_row][\/et_pb_section][et_pb_section fb_built=&#8221;1&#8243; _builder_version=&#8221;4.27.5&#8243; _module_preset=&#8221;default&#8221; background_color=&#8221;#000000&#8243; custom_padding=&#8221;0px||0px|||&#8221; global_module=&#8221;262&#8243; saved_tabs=&#8221;all&#8221; locked=&#8221;off&#8221; global_colors_info=&#8221;{}&#8221;][et_pb_row column_structure=&#8221;1_3,1_3,1_3&#8243; _builder_version=&#8221;4.27.5&#8243; _module_preset=&#8221;default&#8221; global_colors_info=&#8221;{}&#8221;][et_pb_column type=&#8221;1_3&#8243; _builder_version=&#8221;4.27.5&#8243; _module_preset=&#8221;default&#8221; global_colors_info=&#8221;{}&#8221;][dipl_text_with_media module_align=&#8221;left&#8221; _builder_version=&#8221;4.27.5&#8243; _module_preset=&#8221;default&#8221; content_text_text_color=&#8221;#FFFFFF&#8221; animation_style=&#8221;fade&#8221; animation_delay=&#8221;150ms&#8221; scroll_vertical_motion_enable=&#8221;on&#8221; scroll_vertical_motion=&#8221;0|50|50|100|4|0|0&#8243; global_colors_info=&#8221;{}&#8221;][dipl_text_with_media_item content_type=&#8221;icon&#8221; icon=&#8221;&#xf879;||fa||900&#8243; icon_fontsize=&#8221;20px&#8221; icon_color=&#8221;#FFFFFF&#8221; _builder_version=&#8221;4.27.5&#8243; _module_preset=&#8221;default&#8221; custom_margin=&#8221;|20px|0px||false|false&#8221; link_option_url=&#8221;tel:519420315&#8243; global_colors_info=&#8221;{}&#8221;][\/dipl_text_with_media_item][dipl_text_with_media_item _builder_version=&#8221;4.27.5&#8243; _module_preset=&#8221;default&#8221; content_text_line_height=&#8221;1.2em&#8221; link_option_url=&#8221;tel:519420315&#8243; global_colors_info=&#8221;{}&#8221;]519420315[\/dipl_text_with_media_item][\/dipl_text_with_media][\/et_pb_column][et_pb_column type=&#8221;1_3&#8243; _builder_version=&#8221;4.27.5&#8243; _module_preset=&#8221;default&#8221; global_colors_info=&#8221;{}&#8221;][dipl_text_with_media module_align=&#8221;left&#8221; icon_color=&#8221;#FFFFFF&#8221; _builder_version=&#8221;4.27.5&#8243; _module_preset=&#8221;default&#8221; content_text_text_color=&#8221;#FFFFFF&#8221; custom_margin=&#8221;||-2px|||&#8221; animation_style=&#8221;fade&#8221; animation_delay=&#8221;200ms&#8221; scroll_horizontal_motion_enable=&#8221;on&#8221; scroll_horizontal_motion=&#8221;0|50|50|100|-4|0|0&#8243; global_colors_info=&#8221;{}&#8221;][dipl_text_with_media_item content_type=&#8221;icon&#8221; icon=&#8221;&#xe010;||divi||400&#8243; icon_fontsize=&#8221;20px&#8221; _builder_version=&#8221;4.27.5&#8243; _module_preset=&#8221;default&#8221; custom_margin=&#8221;|20px|0px||false|false&#8221; link_option_url=&#8221;mailto:biuro@hrp.net.pl&#8221; global_colors_info=&#8221;{}&#8221;][\/dipl_text_with_media_item][dipl_text_with_media_item _builder_version=&#8221;4.27.5&#8243; _module_preset=&#8221;default&#8221; content_text_line_height=&#8221;1.2em&#8221; link_option_url=&#8221;mailto:biuro@hrp.net.pl&#8221; global_colors_info=&#8221;{}&#8221;]biuro@hrp.net.pl[\/dipl_text_with_media_item][\/dipl_text_with_media][\/et_pb_column][et_pb_column type=&#8221;1_3&#8243; _builder_version=&#8221;4.27.5&#8243; _module_preset=&#8221;default&#8221; global_colors_info=&#8221;{}&#8221;][dipl_text_with_media module_align=&#8221;left&#8221; icon_color=&#8221;#FFFFFF&#8221; _builder_version=&#8221;4.27.5&#8243; _module_preset=&#8221;default&#8221; content_text_text_color=&#8221;#FFFFFF&#8221; width=&#8221;99.4%&#8221; custom_margin=&#8221;-17px|||||&#8221; custom_padding=&#8221;0px|0px||0px||&#8221; animation_style=&#8221;fade&#8221; animation_delay=&#8221;225ms&#8221; scroll_fade_enable=&#8221;on&#8221; global_colors_info=&#8221;{}&#8221;][dipl_text_with_media_item content_type=&#8221;icon&#8221; icon=&#8221;&#xe01d;||divi||400&#8243; icon_fontsize=&#8221;20px&#8221; icon_color=&#8221;#FFFFFF&#8221; _builder_version=&#8221;4.27.5&#8243; _module_preset=&#8221;default&#8221; custom_margin=&#8221;|20px|0px||false|false&#8221; link_option_url=&#8221;https:\/\/www.google.com\/maps\/place\/Wierzbi%C4%99cice+24a,+61-568+Pozna%C5%84\/@52.3968163,16.9193582,17z\/data=!3m1!4b1!4m6!3m5!1s0x47045b250499e7f3:0xfda260d179401dda!8m2!3d52.3968163!4d16.9219331!16s%2Fg%2F11h8n22xtx?entry=ttu&#038;g_ep=EgoyMDI2MDIyNS4wIKXMDSoASAFQAw%3D%3D&#8221; global_colors_info=&#8221;{}&#8221;][\/dipl_text_with_media_item][dipl_text_with_media_item _builder_version=&#8221;4.27.5&#8243; _module_preset=&#8221;default&#8221; content_text_line_height=&#8221;1.2em&#8221; custom_margin=&#8221;|20px|0px||false|false&#8221; link_option_url=&#8221;https:\/\/www.google.com\/maps\/place\/Wierzbi%C4%99cice+24a,+61-568+Pozna%C5%84\/@52.3968163,16.9193582,17z\/data=!3m1!4b1!4m6!3m5!1s0x47045b250499e7f3:0xfda260d179401dda!8m2!3d52.3968163!4d16.9219331!16s%2Fg%2F11h8n22xtx?entry=ttu&#038;g_ep=EgoyMDI2MDIyNS4wIKXMDSoASAFQAw%3D%3D&#8221; global_colors_info=&#8221;{}&#8221;]<\/p>\n<p>ul. Wierzbi\u0119cice 24 A <br \/>61-568 Pozna\u0144<\/p>\n<p>[\/dipl_text_with_media_item][\/dipl_text_with_media][\/et_pb_column][\/et_pb_row][\/et_pb_section][et_pb_section fb_built=&#8221;1&#8243; prev_background_color=&#8221;#000000&#8243; _builder_version=&#8221;4.27.5&#8243; _module_preset=&#8221;default&#8221; custom_padding=&#8221;0px||0px|||&#8221; top_divider_style=&#8221;asymmetric4&#8243; top_divider_height=&#8221;27px&#8221; hover_enabled=&#8221;0&#8243; global_colors_info=&#8221;{}&#8221; sticky_enabled=&#8221;0&#8243; global_module=&#8221;395&#8243; saved_tabs=&#8221;all&#8221; locked=&#8221;off&#8221;][et_pb_row _builder_version=&#8221;4.27.5&#8243; _module_preset=&#8221;default&#8221; custom_padding=&#8221;27px|||||&#8221; global_colors_info=&#8221;{}&#8221;][et_pb_column type=&#8221;4_4&#8243; _builder_version=&#8221;4.27.5&#8243; _module_preset=&#8221;default&#8221; global_colors_info=&#8221;{}&#8221;][et_pb_text _builder_version=&#8221;4.27.5&#8243; _module_preset=&#8221;default&#8221; hover_enabled=&#8221;0&#8243; global_colors_info=&#8221;{}&#8221; sticky_enabled=&#8221;0&#8243;]<\/p>\n<h1 style=\"text-align: center;\"><span style=\"color: #000000;\">Nasi Partnerzy<\/span><\/h1>\n<p>[\/et_pb_text][\/et_pb_column][\/et_pb_row][et_pb_row column_structure=&#8221;1_3,1_3,1_3&#8243; _builder_version=&#8221;4.27.5&#8243; _module_preset=&#8221;default&#8221; global_colors_info=&#8221;{}&#8221;][et_pb_column type=&#8221;1_3&#8243; _builder_version=&#8221;4.27.5&#8243; _module_preset=&#8221;default&#8221; global_colors_info=&#8221;{}&#8221;][et_pb_image src=&#8221;http:\/\/hrp.net.pl\/wp-content\/uploads\/2026\/03\/LOGO-EKOVOLTIS-01-1-scaled.png&#8221; title_text=&#8221;LOGO EKOVOLTIS-01&#8243; url=&#8221;https:\/\/ekovoltis.pl\/&#8221; _builder_version=&#8221;4.27.5&#8243; _module_preset=&#8221;default&#8221; custom_margin=&#8221;9px|||||&#8221; custom_padding=&#8221;11px|||||&#8221; hover_enabled=&#8221;0&#8243; global_colors_info=&#8221;{}&#8221; animation_style=&#8221;fade&#8221; sticky_enabled=&#8221;0&#8243;][\/et_pb_image][\/et_pb_column][et_pb_column type=&#8221;1_3&#8243; _builder_version=&#8221;4.27.5&#8243; _module_preset=&#8221;default&#8221; global_colors_info=&#8221;{}&#8221;][et_pb_image src=&#8221;http:\/\/hrp.net.pl\/wp-content\/uploads\/2026\/02\/468544545_433583713147742_3436965698061613462_n.jpg&#8221; title_text=&#8221;Van Chris_logo&#8221; url=&#8221;https:\/\/van-chris.pl\/&#8221; _builder_version=&#8221;4.27.5&#8243; _module_preset=&#8221;default&#8221; hover_enabled=&#8221;0&#8243; global_colors_info=&#8221;{}&#8221; animation_style=&#8221;fade&#8221; animation_delay=&#8221;250ms&#8221; sticky_enabled=&#8221;0&#8243;][\/et_pb_image][\/et_pb_column][et_pb_column type=&#8221;1_3&#8243; _builder_version=&#8221;4.27.5&#8243; _module_preset=&#8221;default&#8221; global_colors_info=&#8221;{}&#8221;][et_pb_image src=&#8221;http:\/\/hrp.net.pl\/wp-content\/uploads\/2026\/02\/logo_ecoenergy_large_transparent-300&#215;169.png&#8221; title_text=&#8221;logo_ecoenergy_large_transparent&#8221; url=&#8221;https:\/\/ecoenergy24.pl\/&#8221; _builder_version=&#8221;4.27.5&#8243; _module_preset=&#8221;default&#8221; custom_margin=&#8221;-31px|||||&#8221; custom_padding=&#8221;5px|||||&#8221; hover_enabled=&#8221;0&#8243; global_colors_info=&#8221;{}&#8221; animation_style=&#8221;fade&#8221; animation_delay=&#8221;450ms&#8221; sticky_enabled=&#8221;0&#8243;][\/et_pb_image][\/et_pb_column][\/et_pb_row][\/et_pb_section]<\/p>\n","protected":false},"excerpt":{"rendered":"<p><div class=\"et_pb_module dipl_text_animator dipl_text_animator_0\">\n\t\t\t\t\n\t\t\t\t\n\t\t\t\t\n\t\t\t\t\n\t\t\t\t\n\t\t\t\t\n\t\t\t\t<div class=\"et_pb_module_inner\">\n\t\t\t\t\t<div class=\"animated_text_wrapper dipl-typing\">\n\t\t\t\t<h1>\n\t\t\t\t\n\t\t\t\t<span\n\t\t\t\t\tclass=\"animated_text dipl_main_part\" \n\t\t\t\t\tdata-wait-time=\"2000\"\n\t\t\t\t\tdata-typing-time=\"70\"\n\t\t\t\t\tdata-erasing-time=\"100\"\n\t\t\t\t\tdata-text=\"HRP GROUP\"\n\t\t\t\t\tdata-interval-id=\"0\"\n\t\t\t\t\tdata-stop-animation-on-hover=\"off\"\n\t\t\t\t\tdata-animate-only-once=\"on\"\n\t\t\t\t><\/span>\n\t\t\t\t\n\t\t\t\t<\/h1>\n\t\t\t<\/div>\n\t\t\t\t<\/div>\n\t\t\t<\/div><div class=\"et_pb_module dipl_text_animator dipl_text_animator_1\">\n\t\t\t\t\n\t\t\t\t\n\t\t\t\t\n\t\t\t\t\n\t\t\t\t\n\t\t\t\t\n\t\t\t\t<div class=\"et_pb_module_inner\">\n\t\t\t\t\t<div class=\"animated_text_wrapper dipl-typing\">\n\t\t\t\t<h2>\n\t\t\t\t\n\t\t\t\t<span\n\t\t\t\t\tclass=\"animated_text dipl_main_part\" \n\t\t\t\t\tdata-wait-time=\"2080\"\n\t\t\t\t\tdata-typing-time=\"40\"\n\t\t\t\t\tdata-erasing-time=\"100\"\n\t\t\t\t\tdata-text=\"Nowoczesna Energia dla Dom\u00f3w i Firm\"\n\t\t\t\t\tdata-interval-id=\"0\"\n\t\t\t\t\tdata-stop-animation-on-hover=\"off\"\n\t\t\t\t\tdata-animate-only-once=\"on\"\n\t\t\t\t><\/span>\n\t\t\t\t\n\t\t\t\t<\/h2>\n\t\t\t<\/div>\n\t\t\t\t<\/div>\n\t\t\t<\/div> HRP Group to firma specjalizuj\u0105ca si\u0119 w nowoczesnych rozwi\u0105zaniach z zakresu odnawialnych \u017ar\u00f3de\u0142 energii,kt\u00f3re realnie obni\u017caj\u0105 koszty energii i zwi\u0119kszaj\u0105 niezale\u017cno\u015b\u0107 energetyczn\u0105 naszych klient\u00f3w.\u0141\u0105czymy [&hellip;]<\/p>\n","protected":false},"author":1,"featured_media":0,"parent":0,"menu_order":0,"comment_status":"closed","ping_status":"closed","template":"","meta":{"_et_pb_use_builder":"on","_et_pb_old_content":"","_et_gb_content_width":"","footnotes":""},"class_list":["post-144","page","type-page","status-publish","hentry"],"_links":{"self":[{"href":"https:\/\/hrp.net.pl\/index.php?rest_route=\/wp\/v2\/pages\/144","targetHints":{"allow":["GET"]}}],"collection":[{"href":"https:\/\/hrp.net.pl\/index.php?rest_route=\/wp\/v2\/pages"}],"about":[{"href":"https:\/\/hrp.net.pl\/index.php?rest_route=\/wp\/v2\/types\/page"}],"author":[{"embeddable":true,"href":"https:\/\/hrp.net.pl\/index.php?rest_route=\/wp\/v2\/users\/1"}],"replies":[{"embeddable":true,"href":"https:\/\/hrp.net.pl\/index.php?rest_route=%2Fwp%2Fv2%2Fcomments&post=144"}],"version-history":[{"count":21,"href":"https:\/\/hrp.net.pl\/index.php?rest_route=\/wp\/v2\/pages\/144\/revisions"}],"predecessor-version":[{"id":402,"href":"https:\/\/hrp.net.pl\/index.php?rest_route=\/wp\/v2\/pages\/144\/revisions\/402"}],"wp:attachment":[{"href":"https:\/\/hrp.net.pl\/index.php?rest_route=%2Fwp%2Fv2%2Fmedia&parent=144"}],"curies":[{"name":"wp","href":"https:\/\/api.w.org\/{rel}","templated":true}]}}